(-12))?
1
Suppose 0*w + 10 = 2*w. Suppose 2*s + 25 = r, -93 = -w*r + 3*s - s. What is the units digit of r?
7
Let t(v) = -9*v + 4. Let s(b) = -8*b + 5. Let p(x) = -6*s(x) + 5*t(x). What is the units digit of p(10)?
0
Suppose -218 = 7*a - 561. What is the units digit of a?
9
Let q(k) = k**2 + 8*k + 2. What is the units digit of q(-10)?
2
What is the units digit of 1079/117 - (-4)/(-18)?
9
Let a be (-4)/12*(32 - -1). Let b be (-2 - (-3 - 0))*a. What is the units digit of 1 - (2 + b + -2)?
2
Suppose v = 1 - 0. Let d(f) = 8*f**3 - 4*f**2 - 10*f + 3. Let j(c) = 3*c**3 - c**2 - 3*c + 1. Let y(r) = -2*d(r) + 7*j(r). What is the units digit of y(v)?
6
Let f = 10 + -19. Let d = f + 22. What is the units digit of d?
3
Let z(t) = t**2 + 10*t - 10. Let n be z(-11). Let j be ((-15)/6)/(n/(-2)). Suppose h = 2*h - j. What is the units digit of h?
5
Let k(d) = -d + 4 + 2*d + 9. What is the units digit of k(-9)?
4
Suppose 5 = r - 0. Let z be -18*(5/(-3))/r. Suppose -2*c - z = 0, a + 3*c = 2 + 1. What is the units digit of a?
2
Let k be (21/(-28))/((-1)/4). Suppose 35 - 5 = k*w. What is the units digit of w?
0
Let b = -20 - -34. What is the tens digit of b?
1
Suppose -4*h + 11 = -5*h. What is the units digit of 1/(-3 - 34/h)?
1
Suppose -v - 32 = -4*f + 3*v, 5*f + 5*v = 70. What is the tens digit of f?
1
Let m be (-100)/(-30) - 2/(-3). Suppose 4*r + 5*s - 3*s = 80, 96 = m*r - 2*s. What is the units digit of r?
2
Suppose 2*a = 0, 5*b = -2*a + 6*a + 185. What is the tens digit of b?
3
Suppose 2*y = 6*y + h + 3, 15 = 5*y - 5*h. Suppose y = -3*m + 3. What is the units digit of m?
1
What is the units digit of -1 - (3 - 2) - -16?
4
Suppose 3*b + 120 = -2*b. What is the units digit of (b/9 - -2)*-12?
8
Let w be 27/(9/(-3)) - 2. Let p(v) = -6*v**2 + 19*v - 24. Let g(n) = -n**2 + 4*n - 5. Let t(b) = w*g(b) + 2*p(b). What is the units digit of t(-6)?
7
Let k(i) = i**2 + 5*i - 7*i + 6*i - 10. What is the tens digit of k(-8)?
2
Suppose -5*c + 225 = -0*c. Suppose 0 = 6*w - 3*w - c. What is the tens digit of -1 + w - (-3 - -1)?
1
Let n(b) = 2*b**3 + 4*b**2 + 4*b + 3. Let c be n(-2). Let y = -3 - c. What is the units digit of 4*y/((-16)/(-14))?
7
Let p = 12 + 40. What is the units digit of p?
2
Let o = -16 + 8. Let x = 15 + o. What is the units digit of x?
7
Let h = 6 + -4. Suppose -h*v + 2*x + 20 = 0, 3*v - 4*x + 0*x - 29 = 0. What is the tens digit of v?
1
Suppose -5*o - 14 + 34 = -5*h, 6 = 3*o - h. Let c(q) = 15*q + 1. What is the tens digit of c(o)?
1
Let h be (-2)/(-2)*(6 - 2). What is the units digit of 2/h - (-9)/6?
2
Suppose 56 = -0*g - 4*g. Let v = -7 + g. Let o = 29 + v. What is the units digit of o?
8
Let a = 681 + -464. What is the units digit of a?
7
Let y be (-3)/((-2)/(8/6)). Let g(w) = 3*w - 2 - 4 - y*w. What is the units digit of g(7)?
1
Let i = -6 - -12. Suppose -i*d + 50 = -d. What is the units digit of d?
0
Suppose m = 3*t - 35, -2*m = -2*t - 7*m + 12. Let f = 15 - t. What is the units digit of f?
4
Let m = 175 + -104. What is the tens digit of m?
7
Suppose 6*t - 5 = t. What is the tens digit of (-44)/8*-2*t?
1
Let s(y) = -y**3 + y**2 - 4*y - 3. Let u be s(-3). Let p = -11 + u. Suppose -5*f - 23 = -3*k + 5, -2*f - p = -5*k. What is the units digit of k?
6
Suppose 16 = -7*r + 11*r. Suppose -10 = -r*n - 2. What is the units digit of n?
2
Suppose 2*a = 22 + 4. Suppose -m = 5*d + 4, -13 = -4*m + d + a. What is the units digit of m?
6
Suppose -4*j = 5*g - 0*g - 205, -3*g = 5*j - 136. What is the tens digit of g?
3
Let y(d) = -4*d - 9. What is the units digit of y(-4)?
7
What is the units digit of ((-8)/14)/(1/(-7))?
4
What is the tens digit of -25*-9*(-1)/(-5)?
4
What is the units digit of (4/12)/(1/129)?
3
Let w(z) = -z**3 + 10*z**2 - 9*z + 1. What is the units digit of w(8)?
7
Let y be 3*-2*3/6. Let l = 2 + y. Let t(u) = -2*u + 1. What is the units digit of t(l)?
3
Suppose 4*w - 246 = -62. What is the units digit of w?
6
Suppose -t = 3*b + t + 4, -6 = b - 4*t. Let s = -1 - b. What is the units digit of s?
1
Let v be 3 + 4/((-8)/6). Suppose v = x + 3*u - 50, 0*x - u = x - 46. What is the tens digit of x?
4
Let l(c) = 13*c - 1. Suppose 12 = 3*a + a, -3*b - a + 27 = 0. Let y(r) = r**3 - 9*r**2 + 8*r + 1. Let z be y(b). What is the units digit of l(z)?
2
Let s be (-12)/18 - (-74)/3. Let x = 4 + s. Suppose 4*m = -2*l - 0*l + x, 2*m - 24 = -2*l. What is the units digit of l?
0
Let i(w) = w**2 + 4*w + 1. Suppose z + 3*b + 0*b = -1, 5*b = z + 9. What is the units digit of i(z)?
1
Let z = 9 - -5. What is the units digit of z?
4
Suppose -3*g + 7 + 5 = 0. Suppose 0 = -5*u + 2*k - 19, -k + 22 = -5*u + 5. Let o = g + u. What is the units digit of o?
1
Let s(u) = -3 + 6 - u - 5*u + u**2. Let d be s(5). Let r = d - -8. What is the units digit of r?
6
Let g(f) = -6*f**2 - 3*f. Let t be g(-2). Let a(m) = -26*m - 1. Let b be a(-1). Let l = b + t. What is the units digit of l?
7
Let i(d) = 4*d**2 - 1. Let j be i(-1). Suppose k = p - 13, -j*p - k - 3*k = -60. What is the units digit of p?
6
Let o(w) be the first derivative of -2*w**4 - w**2/2 + 3. What is the units digit of o(-1)?
9
Let i = 187 + -134. Suppose -27 = -5*q + i. What is the tens digit of q?
1
Suppose -5*n - 11 = -d, -5*n - 55 = d - 6*d. What is the units digit of d?
1
Suppose -10 = -b + 2*b. Let n = b + 3. Let v(u) = -u - 2. What is the units digit of v(n)?
5
Suppose -3*i + 6*i + 4*c = 223, 0 = -c + 1. What is the units digit of i?
3
Let f = 139 - 67. Let o = f + -40. Suppose -g = 4*u - u - o, 2*u - 14 = 3*g. What is the tens digit of u?
1
Suppose 4*g - 40 = 2*g. Let w(y) = -2*y**3 + 2*y**2 + 2*y. Let b be w(-2). Suppose 5*x - b = g. What is the units digit of x?
8
Let w(y) be the third derivative of -y**5/60 + y**4/4 - y**3/6 + 2*y**2. What is the units digit of w(3)?
8
Let q(b) = 33*b - 3. Let l(v) = 11*v - 1. Let o(p) = 11*l(p) - 4*q(p). Let m be o(1). What is the tens digit of m*(-1 + (-2 - -2))?
1
Suppose 8 + 4 = 2*v. What is the units digit of (-241)/(-6) + (-1)/v?
0
Let h = 7 - 5. Suppose -3*n - 7 = i, -h*i + 2*n = -3*i - 4. What is the units digit of i?
2
Suppose -60 = 4*x + x. Let p = -7 - -1. Let i = p - x. What is the units digit of i?
6
Let b be ((-12)/9)/(4/(-6)). Suppose -4*c = -b*c - 16. What is the units digit of c?
8
Suppose -k + f = -1, -2*k - 4*f - 13 = -f. Suppose -2*x = -5*s + 70, -s + 4*x - 42 = -4*s. Let y = k + s. What is the units digit of y?
2
Suppose -23 = -4*g - 7. Suppose -g + 19 = 5*t. Suppose t*m - 17 = 2*m. What is the tens digit of m?
1
Let b(f) = 14 - f**2 + 5*f + 1 + 3 - 19*f. What is the tens digit of b(-13)?
3
Let b(m) = m + 62. What is the units digit of b(9)?
1
What is the units digit of -2*3*(0 + -2)?
2
Let d(v) = v**2 + 4*v. Let c be d(-5). Suppose -b - 25 = -3*s + s, -3*b = -c*s + 60. What is the tens digit of s?
1
Let z(p) = p**3 + 11*p**2 - 15*p - 13. What is the tens digit of z(-12)?
2
Suppose o = -3*h + 96, 4*o + 6*h - 392 = 2*h. What is the tens digit of o?
9
Let f = 245 + -165. What is the units digit of f?
0
Let r = 0 - 1. Let f be 6 - (-2 - r)/1. Suppose -12 = 4*n - f*n. What is the units digit of n?
4
Let m(t) = 15*t + 0*t**2 - 13*t + t**2. Let j be m(-2). Suppose l = -j*l + 16. What is the tens digit of l?
1
Suppose 36*b - 41*b + 460 = 0. What is the units digit of b?
2
Let b = 10 + -7. Suppose y + b*y - 36 = 0. What is the units digit of 3/(y/21 - 0)?
7
Suppose w = -2*m + 23 + 1, 16 = 2*m - w. Suppose 3*d - 11 - m = 0. What is the units digit of d?
7
Suppose n = 3 - 10. Let c(k) = -k**3 - 7*k**2 - 5. Let l be c(n). Let g = l - -12. What is the units digit of g?
7
Suppose 95 = 4*g + a, 3*a + 5 = -2*a. What is the tens digit of g?
2
Let j = -12 - -83. What is the units digit of j?
1
Suppose 2*s - 4*w = -3*s + 10, s - 2 = -w. Suppose -s*f = 4*l - 52, 39 = 4*l - l - 5*f. What is the tens digit of l?
1
Let x(r) = r**3 + 5*r**2 - r - 2. Let y be x(-5). Suppose 30 = 4*h - 2*q, 0*q - y = -q. What is the units digit of h?
9
Let f = 33 - 49. Let h = f + 26. What is the tens digit of h?
1
Let o(y) be the first derivative of -4*y**2 + 2. What is the tens digit of o(-2)?
1
Let m(l) = -l**3 - 8*l**2 - l - 2. Let h be m(-8). What is the units digit of (-3)/(-2)*20/h?
5
What is the units digit of 5/25 + -2 + (-1018)/(-10)?
0
Let v(h) = -h**2 + 5*h + 5. Let w be v(6). What is